89
What are the prime factors of 1477281?
3, 13, 37879
List the prime factors of 10222772.
2, 7, 7451
What are the prime factors of 3597559?
7, 513937
List the prime factors of 7393927.
29, 254963
List the prime factors of 158751.
3, 31, 569
What are the prime factors of 468401?
17, 59, 467
List the prime factors of 12353700.
2, 3, 5, 41179
List the prime factors of 8666877.
3, 887, 3257
List the prime factors of 1885122.
2, 3, 104729
List the prime factors of 11566200.
2, 3, 5, 37, 521
What are the prime factors of 255930?
2, 3, 5, 19, 449
List the prime factors of 15111634.
2, 283, 26699
What are the prime factors of 14268625?
5, 7, 23, 709
List the prime factors of 72714.
2, 3, 12119
What are the prime factors of 1149629?
13, 191, 463
What are the prime factors of 346189?
67, 5167
What are the prime factors of 3570603?
3, 1190201
What are the prime factors of 192439?
13, 113, 131
List the prime factors of 351773.
351773
What are the prime factors of 1105435?
5, 221087
What are the prime factors of 3984977?
29, 137413
What are the prime factors of 3498450?
2, 3, 5, 83, 281
What are the prime factors of 6419135?
5, 137, 9371
List the prime factors of 302170.
2, 5, 11, 41, 67
List the prime factors of 34154.
2, 17077
List the prime factors of 35508.
2, 3, 11, 269
List the prime factors of 1923645.
3, 5, 257, 499
What are the prime factors of 14151165?
3, 5, 7, 307, 439
What are the prime factors of 2231332?
2, 607, 919
What are the prime factors of 434721?
3, 7, 127, 163
List the prime factors of 8854839.
3, 7, 23, 97
What are the prime factors of 17679204?
2, 3, 397, 1237
List the prime factors of 403624.
2, 13, 3881
List the prime factors of 488275.
5, 19531
What are the prime factors of 15502?
2, 23, 337
What are the prime factors of 216149?
216149
List the prime factors of 18107666.
2, 2857, 3169
List the prime factors of 9698049.
3, 67, 1787
What are the prime factors of 1222736?
2, 76421
What are the prime factors of 5595269?
103, 54323
List the prime factors of 1425833.
797, 1789
List the prime factors of 866148.
2, 3, 89, 811
What are the prime factors of 502158?
2, 3, 127, 659
What are the prime factors of 433826?
2, 23, 9431
What are the prime factors of 3515500?
2, 5, 79, 89
What are the prime factors of 241520?
2, 5, 3019
What are the prime factors of 150278?
2, 29, 2591
What are the prime factors of 1358905?
5, 463, 587
What are the prime factors of 153262?
2, 76631
What are the prime factors of 2070624?
2, 3, 21569
What are the prime factors of 389391?
3, 31, 53, 79
What are the prime factors of 14497798?
2, 7, 19, 54503
What are the prime factors of 1069280?
2, 5, 41, 163
List the prime factors of 527282.
2, 7, 37663
List the prime factors of 3206456.
2, 11, 83, 439
List the prime factors of 2930253.
3, 353, 2767
List the prime factors of 306665.
5, 61333
List the prime factors of 1404447.
3, 11, 53, 73
List the prime factors of 1150329.
3, 307, 1249
What are the prime factors of 7868462?
2, 7, 277, 2029
List the prime factors of 13720030.
2, 5, 389, 3527
What are the prime factors of 3101545?
5, 61, 10169
What are the prime factors of 62178?
2, 3, 43, 241
List the prime factors of 303542.
2, 151771
What are the prime factors of 1995589?
19, 105031
List the prime factors of 5571694.
2, 2785847
List the prime factors of 575417.
575417
List the prime factors of 796016.
2, 13, 43, 89
What are the prime factors of 482566?
2, 7, 34469
List the prime factors of 502866.
2, 3, 7, 13, 307
List the prime factors of 5014794.
2, 3, 89, 9391
List the prime factors of 936068.
2, 7, 101, 331
List the prime factors of 6745.
5, 19, 71
What are the prime factors of 14586532?
2, 3646633
What are the prime factors of 2046553?
2046553
List the prime factors of 99537.
3, 33179
List the prime factors of 3620563.
29, 124847
List the prime factors of 397450.
2, 5, 7949
List the prime factors of 71499.
3, 23833
List the prime factors of 3277923.
3, 11, 17, 5843
List the prime factors of 15415166.
2, 13, 59, 773
List the prime factors of 5334546.
2, 3, 7, 157, 809
What are the prime factors of 3406819?
13, 503, 521
List the prime factors of 1406594.
2, 7, 31, 463
What are the prime factors of 145113?
3, 48371
What are the prime factors of 2286304?
2, 37, 1931
List the prime factors of 677154.
2, 3, 112859
List the prime factors of 2975850.
2, 3, 5, 17, 389
List the prime factors of 8849.
8849
List the prime factors of 2657503.
103, 25801
List the prime factors of 11070231.
3, 73, 50549
List the prime factors of 729668.
2, 182417
List the prime factors of 181345.
5, 36269
What are the prime factors of 989947?
7, 89, 227
What are the prime factors of 304134?
2, 3, 173, 293
What are the prime factors of 27376036?
2, 19, 43, 8377
What are the prime factors of 783403?
23, 34061
What are the prime factors of 681481?
681481
What are the prime factors of 269288?
2, 41, 821
List the prime factors of 2378390.
2, 5, 7, 61, 557
List the prime factors of 2405944.
2, 300743
List the prime factors of 141435.
3, 5, 7, 449
List the prime factors of 278509.
7, 11, 3617
List the prime factors of 2929578.
2, 3, 488263
List the prime factors of 194278.
2, 7, 13877
List the prime factors of 17153158.
2, 11, 883
List the prime factors of 1120957.
1120957
List the prime factors of 569173.
11, 59, 877
List the prime factors of 8452650.
2, 3, 5, 37, 1523
What are the prime factors of 313116?
2, 3, 97, 269
List the prime factors of 171203.
171203
What are the prime factors of 1874120?
2, 5, 46853
List the prime factors of 256761.
3, 47, 607
What are the prime factors of 41275265?
5, 29, 284657
List the prime factors of 625561.
509, 1229
What are the prime factors of 1310047?
881, 1487
What are the prime factors of 663665?
5, 23, 29, 199
List the prime factors of 938872.
2, 11, 47, 227
List the prime factors of 9319077.
3, 17, 79, 257
What are the prime factors of 391324?
2, 19, 271
List the prime factors of 1400583.
3, 97, 4813
What are the prime factors of 292657?
19, 73, 211
List the prime factors of 2273946.
2, 3, 37, 10243
What are the prime factors of 4872?
2, 3, 7, 29
What are the prime factors of 269170?
2, 5, 11, 2447
List the prime factors of 300497.
300497
What are the prime factors of 38342?
2, 19, 1009
List the prime factors of 336207.
3, 112069
What are the prime factors of 3913083?
3, 37, 3917
List the prime factors of 184210.
2, 5, 13, 109
What are the prime factors of 3881494?
2, 1940747
What are the prime factors of 13324705?
5, 23, 109, 1063
What are the prime factors of 197696?
2, 3089
What are the prime factors of 223965?
3, 5, 7, 79
What are the prime factors of 140747?
97, 1451
What are the prime factors of 600845?
5, 7, 17167
List the prime factors of 14369480.
2, 5, 23, 15619
What are the prime factors of 949423?
949423
What are the prime factors of 189978?
2, 3, 31663
List the prime factors of 667213.
31, 21523
What are the prime factors of 21789217?
2437, 8941
List the prime factors of 238352.
2, 14897
List the prime factors of 146560.
2, 5, 229
What are the prime factors of 234395?
5, 7, 37, 181
What are the prime factors of 104977?
113, 929
List the prime factors of 868320.
2, 3, 5, 67
What are the prime factors of 3001411?
7, 19, 22567
What are the prime factors of 60626?
2, 30313
List the prime factors of 1266746.
2, 13, 83, 587
What are the prime factors of 4284197?
149, 28753
What are the prime factors of 521092?
2, 11, 13, 911
List the prime factors of 457584.
2, 3, 9533
What are the prime factors of 989259?
3, 419, 787
What are the prime factors of 198432?
2, 3, 13, 53
What are the prime factors of 1153936?
2, 7, 10303
What are the prime factors of 1601479?
11, 145589
List the prime factors of 2516555.
5, 37, 61, 223
List the prime factors of 480281.
331, 1451
List the prime factors of 201280.
2, 5, 17, 37
List the prime factors of 630902.
2, 315451
List the prime factors of 144704.
2, 7, 17, 19
What are the prime factors of 3073922?
2, 1536961
List the prime factors of 1042578.
2, 3, 43, 449
List the prime factors of 27459075.
3, 5, 7, 193, 271
List the prime factors of 496261.
19, 26119
What are the prime factors of 3360445?
5, 11, 61099
What are the prime factors of 90862?
2, 181, 251
List the prime factors of 10931884.
2, 17, 373, 431
List